*t + w - 61 = 6*w, 0 = 2*t - 5*w - 49. Suppose 0 = a - t - 24. Let v = 5 - 1. What is the highest common divisor of v and a?
4
Let c(p) = 9*p**2 - 14*p + 9. Let q(d) = 4*d**2 - 7*d + 4. Let f(t) = -2*c(t) + 5*q(t). Let n be f(6). What is the highest common divisor of 4 and n?
4
Let d be (6/(-4))/((-1)/(-2)). Let x = 7 + d. Let y(l) = -150*l - 272. Let o be y(-2). What is the highest common divisor of x and o?
4
Let q(a) = -4*a + 2. Let g(l) = -5*l + 3. Let b(h) = 5*g(h) - 6*q(h). Let m be b(2). Calculate the highest common divisor of m and 7.
1
Let j be 12/(-42) - 802/(-14). Let i = -27 + j. What is the greatest common divisor of 12 and i?
6
Suppose 48 = -t + 3*t. Let x = -4 + 7. Suppose x*m - 7 = 29. What is the highest common divisor of m and t?
12
Let b(y) = -13*y - 69. Let f be b(-11). What is the greatest common factor of 37 and f?
37
Suppose 0 = -5*o - 60 + 20. Let t be 2/2*o/(-8). Calculate the greatest common factor of t and 5.
1
Let s = 15 - -9. What is the highest common divisor of 6 and s?
6
Let q = -46 - -50. Calculate the highest common divisor of 5 and q.
1
Let d(c) = -c - 6. Let j be d(-6). Let p(h) = -13*h + j + 4*h + 1. Let z be p(-7). Calculate the highest common divisor of z and 16.
16
Suppose 3*i + 0 = -6, 2*i + 1 = -d. Calculate the highest common divisor of 27 and d.
3
Let i(u) = u**3 + 3*u**2 + 2*u + 3. Let d be i(-2). Let w be 11*(63/d + -1). Calculate the highest common factor of w and 20.
20
Let a be 10 - 3/(1 + 2). Let y be (-93)/a*(-6)/1. Let f = -35 + y. What is the greatest common divisor of 9 and f?
9
Suppose 99*p - 96*p = 6. What is the highest common divisor of 1 and p?
1
Suppose 27*i - 30*i = -48. Calculate the greatest common factor of 2 and i.
2
Let n = -31 + 53. What is the greatest common divisor of 2 and n?
2
Suppose 3*u - 67 - 38 = 0. Let p be (14/(-4))/((-1)/4). Calculate the greatest common factor of u and p.
7
Suppose -3*j = -13*j + 80. Calculate the greatest common factor of 40 and j.
8
Suppose -5*o + 17 = 3*r, 2*r - 4*o = r. Calculate the greatest common divisor of 1 and r.
1
Let i(z) = z**3 - 3*z**2 - 2*z - 4. Let b be i(4). Let d be -1*2*7/2. Let r = d + 11. What is the greatest common divisor of r and b?
4
Suppose -4*p + 405 = -5*t, 3*p - t = -3*t + 275. Let v be ((-2 + -17)/1)/(-1). What is the greatest common factor of v and p?
19
Suppose -1 + 31 = 3*v. What is the greatest common divisor of v and 10?
10
Suppose -3*v - 19 = -4*w + 110, -3*w = 2*v - 84. Suppose -5*s - i = 4*i - w, -8 = -2*i. Calculate the greatest common divisor of s and 18.
2
Suppose 0 = -0*v + 3*v - 24. What is the greatest common divisor of 8 and v?
8
Suppose 5*f + 96 = 9*f. Calculate the greatest common factor of 36 and f.
12
Let p(g) = 2*g**2 - 13*g - 35. Let u be p(-5). What is the greatest common factor of u and 32?
16
Let a = -35 - -13. Let t = 92 + a. What is the greatest common factor of t and 10?
10
Suppose -16 = -q - b, 4*b = 2*q - 8 - 0. Let p(l) = 83*l**3 + 2*l**2 - 2*l + 1. Let d be p(1). Calculate the highest common factor of q and d.
12
Let c = 252 - 161. Let l = 154 - c. What is the greatest common divisor of 7 and l?
7
Let m(t) = t**3 + 15*t**2 + 15*t + 19. Let f be m(-14). Calculate the greatest common divisor of 45 and f.
5
Suppose 2 = 3*f - 7, -5*h = 2*f - 56. Let m(x) = -x**3 - 8*x**2 - 3*x - 20. Let w be m(-8). What is the highest common divisor of h and w?
2
Let g be (1*3*(1 + -2))/(-1). Calculate the highest common factor of g and 3.
3
Suppose -4*f + 0*d - 2 = -3*d, -5*d = -f - 9. What is the greatest common factor of 12 and f?
1
Suppose -944 + 188 = -4*u - 2*s, -5*s - 945 = -5*u. Calculate the highest common factor of u and 21.
21
Suppose -4*i = -5*m - 112, 3*m + 51 - 191 = -5*i. Calculate the greatest common divisor of 42 and i.
14
Suppose k + 2 + 2 = 0. Let j = k - -7. What is the greatest common divisor of 3 and j?
3
Let q = -41 + 43. What is the greatest common factor of q and 6?
2
Let r be ((-8)/(-10))/(-1)*5. Let l(h) = -3*h**2 - 8*h - 3. Let c be l(-3). Let z be r/c - 176/(-6). What is the highest common factor of 5 and z?
5
Let j be 7/3*(4 + -1). Calculate the greatest common factor of 14 and j.
7
Suppose 0 = -l - 2*a + 23, -3*l + 14 = -2*l - a. Calculate the highest common divisor of 17 and l.
17
Suppose -6*l + 1152 = 2*l. Calculate the highest common divisor of 36 and l.
36
Let y(r) = -r**2 + 13*r - 12. Let i(w) = w**3 + 8*w**2 + 6*w + 1. Let p be i(-7). Let u be y(p). What is the highest common factor of u and 4?
4
Suppose -22 = -2*v + 22. Calculate the greatest common divisor of 33 and v.
11
Let k(h) = h**2 + h + 8. Let a be k(0). What is the highest common factor of a and 72?
8
Suppose -2*i - 3 = -2*m - 5*i, -m - 5*i - 9 = 0. Calculate the highest common factor of m and 54.
6
Let t(q) = 3*q**2 + 6*q + 4. Let c be t(-2). Calculate the highest common factor of c and 8.
4
Let a = -125 + 133. What is the highest common factor of 64 and a?
8
Suppose 11*h - 13*h + 60 = 0. Calculate the greatest common divisor of 12 and h.
6
Let o(c) = -c**2 + 2. Let j be o(0). Suppose j*z + 2*s + 31 = 3*z, 100 = 3*z + s. What is the highest common factor of 3 and z?
3
Suppose 5*o + 3*h = 41, 2*h - 3 = -3*o + 22. Suppose 32 + o = q. Calculate the highest common factor of q and 13.
13
Suppose 2*l - 3*l + 29 = 2*u, -u - 2*l + 16 = 0. What is the greatest common divisor of u and 49?
7
Suppose 0 = -5*a - 2*q + 29, -4*q + 3*q + 7 = a. Suppose 0 = -0*w - a*w + 520. Let x be (-4)/10 - (-134)/10. Calculate the highest common divisor of w and x.
13
Suppose -4*z + 104 = 2*n, -2*n = -7*z + 2*z - 86. Calculate the greatest common divisor of n and 120.
24
Let z = 25 - 17. What is the greatest common divisor of z and 16?
8
Let q(v) = 7*v**2 - v + 1. Let r be q(-1). Let c(g) = -3*g. Let a be c(-3). What is the greatest common factor of a and r?
9
Let p be -1*5*(-3)/3. Let h = p - -1. Suppose -10 - 10 = -5*n, 2*m - 116 = 4*n. What is the highest common divisor of m and h?
6
Let m be (-7)/(-2) + 2/(-4). Let s = m + -3. Suppose -l + 0*l + 8 = s. Calculate the highest common divisor of 32 and l.
8
Let n be (-42)/5*15/(-6). What is the greatest common divisor of 7 and n?
7
Let m be ((-76)/2)/(4/(-2)). Let u(l) = l**3 + 7*l**2 + 2*l + 14. Let d be u(-6). Calculate the highest common divisor of m and d.
19
Let m = -7 - -9. Let w = m + 9. What is the greatest common factor of 121 and w?
11
Suppose 12 - 68 = -4*z. Calculate the greatest common factor of 42 and z.
14
Let l be 13/(-3)*(2 + -5). Let d be 9 - 4*(3 + -4). Calculate the greatest common factor of l and d.
13
Let u = -5 + 17. Suppose h = -2*h - 3. Let m be (24/h)/(1/(-2)). What is the highest common factor of m and u?
12
Let k be 9 - (1 - -5*(-8)/20). What is the greatest common factor of k and 5?
5
Let h be 19 + 4/(-2) - (-4 + 2). What is the greatest common divisor of 19 and h?
19
Suppose l + 2*i - 17 = 4, -i - 3 = 0. Calculate the greatest common factor of l and 189.
27
Let s = 0 + 2. Let v(d) = 0*d**2 - d**s + 5 - 4*d - d. Let n be v(-4). Calculate the highest common factor of 18 and n.
9
Let o be 214/14 - (-4)/(-14). Let n(u) = 22*u**2 - 3*u - 4. Let r be n(-2). Calculate the greatest common divisor of r and o.
15
Suppose 0 = -k - p, 3*k + 5*p + 2 = -2. What is the highest common factor of 14 and k?
2
Let h = -7 + 10. Suppose -v + 95 = -2*f - f, 0 = -h*f - v - 85. Let l = f + 42. Calculate the highest common divisor of 60 and l.
12
Suppose -3*u - u = -8. Calculate the highest common factor of 2 and u.
2
Let p be (-7)/((-25)/10 + 2). What is the greatest common divisor of p and 182?
14
Let y(a) = -29*a - 17. Let b be y(-4). Let l be 43/5 - (-4)/10. What is the highest common factor of b and l?
9
Let t(h) = -h**3 - 8*h - 4. Let y be t(6). Let s = y + 380. What is the highest common divisor of 14 and s?
14
Let c be (0/4)/(0 + -1). Suppose -2*o + 5*k = c, 0 = o + 4*k - 9 - 17. Let b be 0 - -2 - (-16)/2. What is the highest common divisor of b and o?
10
Let q be (1 - 2)/(-3 - -2). Let j be -18*1*-5*q. Suppose -j = -2*n + 36. Calculate the greatest common divisor of 9 and n.
9
Suppose -88 = 2*f - 12. Suppose 0 = -4*i + 5*y + 102 + 126, 0 = -2*i - 5*y + 144. Let d = i + f. What is the highest common factor of 8 and d?
8
Let d(n) = -12*n**3 - n**2 - n. Let z be d(-1). What is